ndreds digit of 416325?
3
What is the millions digit of 1074628?
1
What is the tens digit of 4234479?
7
What is the millions digit of 5892159?
5
What is the units digit of 86404?
4
What is the units digit of 771052?
2
What is the tens digit of 4354318?
1
What is the ten thousands digit of 618944?
1
What is the thousands digit of 585667?
5
What is the thousands digit of 316861?
6
What is the hundred thousands digit of 1078586?
0
What is the thousands digit of 123214?
3
What is the ten thousands digit of 562569?
6
What is the hundreds digit of 395874?
8
What is the hundreds digit of 2227330?
3
What is the units digit of 3247890?
0
What is the thousands digit of 419847?
9
What is the ten thousands digit of 1396377?
9
What is the millions digit of 21220367?
1
What is the ten thousands digit of 5531792?
3
What is the millions digit of 1381982?
1
What is the units digit of 3272630?
0
What is the hundred thousands digit of 148840?
1
What is the ten thousands digit of 237502?
3
What is the tens digit of 1029994?
9
What is the hundred thousands digit of 1876305?
8
What is the ten thousands digit of 153076?
5
What is the thousands digit of 116203?
6
What is the millions digit of 4425304?
4
What is the units digit of 208216?
6
What is the units digit of 5103937?
7
What is the ten thousands digit of 48712?
4
What is the hundred thousands digit of 22354657?
3
What is the units digit of 2090861?
1
What is the ten thousands digit of 4221446?
2
What is the units digit of 929042?
2
What is the tens digit of 5419507?
0
What is the hundreds digit of 17747915?
9
What is the ten thousands digit of 1516451?
1
What is the thousands digit of 10877710?
7
What is the hundreds digit of 9182843?
8
What is the millions digit of 10885123?
0
What is the hundred thousands digit of 3322098?
3
What is the ten thousands digit of 403919?
0
What is the hundred thousands digit of 7056525?
0
What is the thousands digit of 16254767?
4
What is the ten thousands digit of 12232672?
3
What is the hundred thousands digit of 981492?
9
What is the millions digit of 4885438?
4
What is the thousands digit of 1914812?
4
What is the ten thousands digit of 6278730?
7
What is the thousands digit of 514923?
4
What is the ten millions digit of 12167047?
1
What is the thousands digit of 520830?
0
What is the tens digit of 1118040?
4
What is the tens digit of 6062534?
3
What is the tens digit of 24516?
1
What is the millions digit of 26981084?
6
What is the hundreds digit of 13871480?
4
What is the units digit of 288659?
9
What is the ten thousands digit of 5860215?
6
What is the units digit of 10681779?
9
What is the hundred thousands digit of 5399139?
3
What is the millions digit of 6529944?
6
What is the ten thousands digit of 1226114?
2
What is the thousands digit of 576830?
6
What is the tens digit of 376?
7
What is the ten thousands digit of 2938590?
3
What is the thousands digit of 229837?
9
What is the hundred thousands digit of 137070?
1
What is the hundred thousands digit of 2940961?
9
What is the thousands digit of 264671?
4
What is the tens digit of 257261?
6
What is the hundreds digit of 564709?
7
What is the thousands digit of 285130?
5
What is the ten thousands digit of 435526?
3
What is the millions digit of 2188251?
2
What is the hundred thousands digit of 238627?
2
What is the ten thousands digit of 837159?
3
What is the hundreds digit of 138183?
1
What is the ten thousands digit of 84308?
8
What is the hundred thousands digit of 902896?
9
What is the tens digit of 180641?
4
What is the hundred thousands digit of 1114881?
1
What is the thousands digit of 687625?
7
What is the units digit of 135018?
8
What is the hundreds digit of 3425753?
7
What is the units digit of 8131915?
5
What is the hundred thousands digit of 5136561?
1
What is the units digit of 194851?
1
What is the units digit of 311681?
1
What is the thousands digit of 173561?
3
What is the hundreds digit of 331418?
4
What is the hundred thousands digit of 259493?
2
What is the units digit of 9813996?
6
What is the units digit of 50620?
0
What is the thousands digit of 4169561?
9
What is the hundreds digit of 4998512?
5
What is the millions digit of 3599998?
3
What is the millions digit of 7242407?
7
What is the thousands digit of 225348?
5
What is the hundred thousands digit of 3428504?
4
What is the ten thousands digit of 11886668?
8
What is the thousands digit of 2897168?
7
What is the thousands digit of 5791206?
1
What is the units digit of 3237059?
9
What is the hundred thousands digit of 4228366?
2
What is the millions digit of 24623139?
4
What is the hundred thousands digit of 10026464?
0
What is the thousands digit of 13226430?
6
What is the hundreds digit of 1022126?
1
What is the hundred thousands digit of 1993934?
9
What is the hundreds digit of 9460166?
1
What is the ten thousands digit of 1363409?
6
What is the thousands digit of 4292580?
2
What is the ten millions digit of 13866485?
1
What is the thousands digit of 45406?
5
What is the units digit of 1172680?
0
What is the units digit of 19379076?
6
What is the hundred thousands digit of 12366994?
3
What is the millions digit of 5057334?
5
What is the thousands digit of 643084?
3
What is the ten thousands digit of 1515355?
1
What is the thousands digit of 19079?
9
What is the millions digit of 5574028?
5
What is the hundreds digit of 3358504?
5
What is the tens digit of 25555?
5
What is the units digit of 295678?
8
What is the units digit of 320443?
3
What is the tens digit of 469202?
0
What is the units digit of 136896?
6
What is the millions digit of 44045917?
4
What is the tens digit of 213283?
8
What is the units digit of 173724?
4
What is the millions digit of 35022105?
5
What is the ten thousands digit of 58425?
5
What is the millions digit of 18520194?
8
What is the tens digit of 2727786?
8
What is the thousands digit of 126601?
6
What is the thousands digit of 599242?
9
What is the millions digit of 16401375?
6
What is the tens digit of 2935910?
1
What is the units digit of 57200?
0
What is the hundreds digit of 13669088?
0
What is the ten millions digit of 11353125?
1
What is the ten thousands digit of 299815?
9
What is the units digit of 715493?
3
What is the ten thousands digit of 7591264?
9
What is the hundred thousands digit of 610459?
6
What is the units digit of 318926?
6
What is the units digit of 8827115?
5
What is the tens digit of 73230?
3
What is the units digit of 2242488?
8
What is the tens digit of 51630?
3
What is the tens digit of 40292004?
0
What is the hundreds digit of 23857297?
2
What is the hundred thousands digit of 398061?
3
What is the hundred thousands digit of 14833288?
8
What is the thousands digit of 3720823?
0
What is the thousands digit of 77775?
7
What is the ten thousands digit of 1331719?
3
What is the thousands digit of 2129640?
9
What is the hundreds digit of 5212?
2
What is the hundred thousands digit of 3605089?
6
What is the tens digit of 98035?
3
What is the thousands digit of 1528246?
8
What is the tens digit of 25266530?
3
What is the tens digit of 1382765?
6
What is the millions digit of 7616500?
7
What is the hundred thousands digit of 1094360?
0
What is the hundred thousands digit of 1194538?
1
What is the tens digit of 726504?
0
What is the hundred thousands digit of 3049116?
0
What is the ten thousands digit of 2034901?
3
What is the thousands digit of 7346882?
6
What is the hundred thousands digit of 1186279?
1
What is the ten thousands digit of 222666?
2
What is the units digit of 574757?
7
What is the hundred thousands digit of 129256?
1
What is the thousands digit of 142546?
2
What is the ten thousands digit of 453992?
5
What is the ten millions digit of 11854206?
1
What is the hundreds digit of 364194?
1
What is the ten thousands digit of 1281515?
8
What is the thousands digit of 192522?
2
What is the hundreds digit of 400106?
1
What is the tens digit of 1551191?
9
What is the hundred thousands digit of 1516478?
5
What is the hundreds digit of 269852?
8
What is the units digit of 1370422?
2
What is the units digit of 585290?
0
What is the hundreds digit of 1821397?
3
What is the tens digit of 38083?
8
What is the ten thousands digit of 13849279?
4
What is the thousands digit of 8588106?
8
What